29. Suppose 3*k - p*k + 28 = 0. What is the highest common factor of k and 70?
14
Let l be ((-7)/(-14))/(6 - (-79373)/(-13230)). Calculate the greatest common divisor of l and 216.
27
Suppose -48243 - 17617 = -73*y + 570. What is the greatest common factor of y and 20?
10
Let b be (5 - (-2)/(-1)) + 1. Suppose b*z - 85 - 51 = 0. Suppose -87 = -d - a, 2*d - 6*d + 3*a + 334 = 0. Calculate the highest common factor of d and z.
17
Suppose 199*z - 115*z - 705470 = -386*z. What is the highest common factor of z and 632?
79
Let x = 194 - 284. Let v = -42 - x. Let c be 5*((5 - 6/(-5)) + -5). What is the highest common factor of v and c?
6
Let c be ((-2)/10)/((-33)/25245). What is the highest common factor of c and 24021?
153
Let i = -24953 - -26315. Calculate the highest common factor of i and 30.
6
Suppose 104*t - 4464 = 95*t. What is the highest common factor of t and 6634?
62
Let a(c) = -2*c**3 - 17*c**2 - 7*c + 8. Let k be a(-8). Suppose 5*v - 9*v + 46 = 3*q, -5*q + 2*v + 42 = k. What is the highest common divisor of q and 4?
2
Let l(x) = -12 + x - 1 + 0. Suppose 0 = -4*o + 2*g + 88, -112*o - 5*g = -109*o - 27. Let d be l(o). What is the highest common factor of d and 6?
6
Suppose 0 = -859*p + 850*p + 162. What is the highest common divisor of 288 and p?
18
Let u be (1 - 3/(-3)) + 44. Suppose -2*q = -4*y + 176, 47*q = -4*y + 50*q + 172. Calculate the highest common factor of y and u.
46
Let v = -1708 - -1812. What is the highest common factor of 182 and v?
26
Let t = 286 + -283. Suppose 3*y - 808 = 2*k, -y + 5*k + 264 = t*k. What is the greatest common factor of 34 and y?
34
Let g = 42 - 19. Suppose g = 3*v - 10. Let w(d) = 7*d**3 - 36*d**2 - 8*d + 19. Let x be w(6). Calculate the greatest common divisor of x and v.
11
Let u = -3221 - -3973. What is the greatest common divisor of 47 and u?
47
Suppose -332*c + 10332 = -248*c. Let b be (-2)/(-5) + (-812)/(-20). What is the highest common divisor of b and c?
41
Suppose 3*l + 3*z - 468 = 0, 0 = -2*l - 4*z + 7 + 309. Let w = l - 138. Suppose -w*n + 21*n - 825 = 0. What is the greatest common divisor of n and 110?
55
Let n = 31 + 497. Suppose 0 = -2*i - 2*l + 126 + 338, i + 5*l = 252. Let k = i - 179. What is the highest common factor of n and k?
48
Let r(t) = 3*t**2 - 13*t - 154. Let i be r(-8). Calculate the highest common factor of 2769 and i.
71
Suppose 0 = -4*a - 3*j + 90, 247*j = 249*j + 4. Let v be 2/11 - (-3950)/55. Calculate the highest common factor of a and v.
24
Let i(g) = g**3 + 22*g**2 + 30*g - 46. Suppose 28 = 3*y + 88. Let m be i(y). Calculate the greatest common factor of m and 22.
22
Let d = 601 - 535. Let o(i) = 1253*i**2 + 7*i + 8. Let v be o(-1). What is the highest common divisor of v and d?
66
Let k(o) = 14*o - 7. Let g be k(-3). Let l = -49 - g. Suppose 4*b - 1408 = -l*b. What is the greatest common factor of b and 32?
32
Let p = 21147 + -12065. What is the greatest common divisor of p and 38?
38
Let o = 59 + 33. Suppose o = g + 4*r, -2*r + 154 = g + 58. Let d = -11 - -36. Calculate the greatest common divisor of d and g.
25
Suppose 2389 = 8*b - 7339. Calculate the highest common divisor of b and 64.
64
Suppose 0 = 4*f - 309*r + 312*r - 4, 2*f - 46 = 4*r. Calculate the highest common factor of 973 and f.
7
Suppose -k + 381*m + 46 = 376*m, -3*m = -3*k + 78. Calculate the highest common divisor of k and 3.
3
Let t = 690 - 627. Let o(l) = -l**3 - l**2 + 9. Let z be o(0). What is the highest common factor of z and t?
9
Suppose 0 = -4*u - 62 + 254. Suppose 0 = -13*k - 416 + 2093. Suppose 2*s + 3*f - k - 27 = 0, 5*f = 20. Calculate the greatest common factor of u and s.
24
Let p(l) = 8*l**3 + l**2 + l. Let d be p(2). Suppose 21*g = 19*g + d. Calculate the highest common factor of 35 and g.
35
Let r = 1992 + -1399. Let q = -509 + r. What is the highest common factor of 364 and q?
28
Let l = -4608 + 4611. Calculate the highest common factor of 1062 and l.
3
Let g be 6 - (16/248 - (-15756)/(-124)). What is the greatest common divisor of 38 and g?
19
Suppose 177*h = 170*h - 22 + 309. Suppose -3*v = -v - 10. Let b be (-4)/(v + -1)*-451. What is the highest common divisor of h and b?
41
Let x = 3 - 0. Suppose x*f - 24 = 6. Let o(v) = v**3 - 31*v**2 - 25*v - 114. Let m be o(32). What is the greatest common factor of f and m?
10
Let v = 3983 - 3974. Let u(x) = x**3 - x**2 + 7. Let k be u(0). Suppose -k*n = -4*n - 3. Calculate the greatest common divisor of n and v.
1
Let z = 6477 + -4807. What is the highest common divisor of z and 80?
10
Let a be 1235/(-10)*10/(-95). What is the greatest common divisor of a and 67730?
13
Suppose 80460 = -66*q + 76*q. Calculate the greatest common divisor of q and 54.
54
Let a = -5532 + 6302. Calculate the greatest common factor of a and 700.
70
Let u(x) = 322*x - 1597. Let l be u(5). Calculate the greatest common divisor of l and 14794.
13
Let k(h) = -h**3 - 5*h**2 - 5*h - 2. Let q be k(-4). Suppose -q*w + 110 = -0*w. Let g be (-1)/2 - 10*(-69)/60. Calculate the greatest common divisor of w and g.
11
Let w(f) = -f**3 - 5*f**2 - 4*f - 8. Let k be w(-7). Suppose 243*q - 528 + 65 = 23. What is the highest common factor of q and k?
2
Suppose 2*o = 8 - 0. Let w(u) = 33*u**2 - 7*u - 2. Let j be w(-1). Suppose -2*k + 28 = 3*a, 5*a - k = -0*a + j. Calculate the greatest common factor of o and a.
4
Suppose 4*u - 55 = 225. Let b(w) = -w**3 - 6*w**2 + 5*w - 4. Let x = 30 + -37. Let g be b(x). Calculate the highest common divisor of u and g.
10
Let x(d) = 77*d + 31. Let f(w) = 73*w + 32. Let b(h) = -3*f(h) + 4*x(h). Let i be b(3). Calculate the greatest common factor of 5 and i.
5
Suppose -404 = -2*l - 2*q + 26, -5*q = 10. Suppose -12*i = 59 + l. Let s = i + 32. Calculate the highest common divisor of s and 18.
9
Let c(l) = l**3 - 37*l**2 + 175*l + 72. Let i be c(6). What is the highest common divisor of i and 164?
2
Suppose 0 = -47*d - 31*d + 4992. What is the highest common divisor of 8384 and d?
64
Let q = -232 - -533. Suppose -298*l = -q*l + 135. Calculate the highest common divisor of 27 and l.
9
Let p(y) = -1651*y - 3646. Let k be p(-4). What is the greatest common factor of 68 and k?
34
Suppose -14815 = -19*w - 2572 + 16751. What is the highest common divisor of 1090 and w?
218
Let h be 125 - (-9)/((-18)/(-8)). Let u = h + -84. Let i = -1644 + 1824. Calculate the highest common divisor of u and i.
45
Suppose -f - 2*f = 4*u - 128, -174 = -4*f - 2*u. Let q be ((-4)/(-11 - -7))/(2/176). What is the highest common divisor of f and q?
44
Let c be 2/(-4)*10 - (-4 - 329). Calculate the greatest common divisor of 246 and c.
82
Let j = 2 + 40. Let t be -24*(-2)/(-32)*-4. Calculate the highest common divisor of j and t.
6
Let i be 216 + (15 - (7 - -9)). What is the highest common divisor of i and 29885?
215
Let g(b) = 16*b**2 - 57*b - 21. Let t be g(7). What is the greatest common factor of 156 and t?
52
Let w(r) = 0*r - 2 - 2*r + 2 - 7 + 1 + 13*r**2. Let u be w(-4). What is the greatest common factor of u and 60?
30
Suppose -1668*j + 1674*j = 240. Let k(x) = 99*x**2 - 2*x - 1. Let g be k(-1). What is the greatest common divisor of j and g?
20
Suppose -40*o - 14 = 186. Let a be (o + -2 - 0) + 71. Calculate the highest common divisor of a and 4.
4
Let y = -211 - -442. Let g be (-1*(-30)/(-35))/(4/(-14)). Suppose 5*n + x - 102 = 0, -51 = -3*n - g*x - x. Calculate the highest common factor of y and n.
21
Let b = -1094 - -1096. Let c = 299 - 93. What is the highest common factor of c and b?
2
Let a(n) = -19*n - 9*n**2 + 33*n**2 + 5 - 27*n**2. Let t be a(-6). What is the greatest common divisor of 891 and t?
11
Suppose 3*l + 6 = 0, 205 = 5*x + 38*l - 43*l. What is the greatest common factor of 4017 and x?
39
Let f be (27 - -9)*(-2)/(-18). Calculate the greatest common factor of 1028 and f.
4
Suppose -4*s - 4*o = -132, 4*o + 14 - 38 = 0. Calculate the greatest common divisor of 279 and s.
9
Let y be (-4)/6 + 30/(-9). Let f be ((-12)/10)/(y/170). Suppose -3*x = -z - 51, -4*z = -28*x + 27*x + 17. What is the greatest common factor of f and x?
17
Let b = -3159 + 3627. What is the greatest common divisor of 364 and b?
52
Let z(y) = -y**2 - 60*y - 466. Let q be z(-33). Calculate the greatest common divisor of 6460 and q.
85
Let v be 11/13 - 8/(-52). Let y be (v + 0)/((-36)/(-14616